{"id":1488,"date":"2022-03-04T03:42:59","date_gmt":"2022-03-04T03:42:59","guid":{"rendered":"https:\/\/asnegocio.com\/index.php\/home\/"},"modified":"2023-05-25T19:37:39","modified_gmt":"2023-05-25T19:37:39","slug":"home","status":"publish","type":"page","link":"https:\/\/asnegocio.com\/","title":{"rendered":"Home"},"content":{"rendered":"\n<div class=\"wp-block-uagb-container uagb-block-874a49e0 alignfull uagb-is-root-container\"><div class=\"uagb-container-inner-blocks-wrap\">\n<div class=\"wp-block-columns is-layout-flex wp-container-5\">\n<div class=\"wp-block-column is-layout-flow\" style=\"flex-basis:100%\">\n<div class=\"wp-block-uagb-container uagb-block-5279552b\">\n<div class=\"inherit-container-width wp-block-group is-layout-constrained\">\n<div class=\"wp-block-columns is-layout-flex wp-container-2\">\n<div class=\"wp-block-column is-layout-flow\" style=\"flex-basis:100%\">\n<div class=\"wp-block-uagb-info-box uagb-block-2ba1763c uagb-infobox__content-wrap  uagb-infobox-icon-above-title uagb-infobox-image-valign-top\"><div class=\"uagb-ifb-content\"><div class=\"uagb-ifb-title-wrap\"><span class=\"uagb-ifb-title-prefix\"><strong><em>As Negocio<\/em><\/strong><\/span><h1 class=\"uagb-ifb-title\">Tu As bajo la manga.<\/h1><\/div><p class=\"uagb-ifb-desc\">Tenemos las herramientas que tu negocio necesita.<\/p><\/div><\/div>\n<\/div>\n<\/div>\n<\/div>\n<\/div>\n<\/div>\n<\/div>\n<\/div><\/div>\n\n\n\n<div class=\"wp-block-uagb-container uagb-block-96a68515 alignfull uagb-is-root-container\"><div class=\"uagb-container-inner-blocks-wrap\">\n<div class=\"wp-block-uagb-advanced-heading uagb-block-ee7ca1d7\"><h2 class=\"uagb-heading-text\">Como Podemos Ayudarte?\u200b<\/h2><p class=\"uagb-desc-text\">Tenemos una amplia gama de servicios a tu disposici\u00f3n, lo que t\u00fa puedas imaginar nosotros lo materializamos para ti.<\/p><\/div>\n\n\n\n<div class=\"wp-block-uagb-container uagb-block-552d054f\">\n<div class=\"wp-block-uagb-container uagb-block-be2e6ae7\">\n<div class=\"wp-block-uagb-info-box uagb-block-d4ac841a uagb-infobox__content-wrap  uagb-infobox-icon-below-title uagb-infobox-image-valign-top\"><div class=\"uagb-ifb-content\"><div class=\"uagb-ifb-title-wrap\"><h4 class=\"uagb-ifb-title\">Facturaci\u00f3n Electr\u00f3nica<\/h4><\/div><div class=\"uagb-ifb-image-content\"><img decoding=\"async\" src=\"https:\/\/asnegocio.com\/wp-content\/uploads\/2023\/05\/vchf.jpeg\" alt=\"\" width=\"\" height=\"0\" loading=\"lazy\"\/><\/div><p class=\"uagb-ifb-desc\">La factura electr\u00f3nica en M\u00e9xico tiene el nombre de CFDI (Comprobante Fiscal Digital por Internet). <br><br>M\u00e9xico se ha convertido en uno de los referentes mundiales en el uso de estas tecnolog\u00edas.<\/p><\/div><\/div>\n<\/div>\n\n\n\n<div class=\"wp-block-uagb-container uagb-block-db69e267\">\n<div class=\"wp-block-uagb-info-box uagb-block-2d4e9a5f uagb-infobox__content-wrap  uagb-infobox-icon-below-title uagb-infobox-image-valign-top\"><div class=\"uagb-ifb-content\"><div class=\"uagb-ifb-title-wrap\"><h4 class=\"uagb-ifb-title\"><strong><strong>Manejo de Redes\u200b<\/strong><\/strong><\/h4><\/div><div class=\"uagb-ifb-image-content\"><img decoding=\"async\" src=\"https:\/\/asnegocio.com\/wp-content\/uploads\/2023\/05\/las-mejores-agencias-de-diseno-web-de-Argentina-1024x537-1.jpg\" alt=\"\" width=\"387\" height=\"202\" loading=\"lazy\"\/><\/div><p class=\"uagb-ifb-desc\"><br>Tener presencia en redes sociales hoy en d\u00eda es necesario para que tu negocio sea reconocido, somos tus mejores aliados y ayudamos a que tu publicidad en redes sociales consiga los mejores resultados en las plataformas digitales m\u00e1s utilizadas.&nbsp;<\/p><\/div><\/div>\n<\/div>\n\n\n\n<div class=\"wp-block-uagb-container uagb-block-3cf1ae3e\">\n<div class=\"wp-block-uagb-info-box uagb-block-f62bb182 uagb-infobox__content-wrap  uagb-infobox-icon-below-title uagb-infobox-image-valign-top\"><div class=\"uagb-ifb-content\"><div class=\"uagb-ifb-title-wrap\"><h4 class=\"uagb-ifb-title\">Dise\u00f1o web.<\/h4><\/div><div class=\"uagb-ifb-image-content\"><img decoding=\"async\" src=\"https:\/\/asnegocio.com\/wp-content\/uploads\/2023\/05\/IMG-1-diseno-web.jpg\" alt=\"\" width=\"246\" height=\"133\" loading=\"lazy\"\/><\/div><p class=\"uagb-ifb-desc\">Desarrollar P\u00e1ginas&nbsp;<em>Web<\/em>&nbsp;<br>F\u00e1cil, r\u00e1pido e intuitivas es nuestra f\u00f3rmula para crear sitios web ganadores y lo conseguimos simplificando los contenidos, acelerando los tiempos de carga y creando una gran experiencia para el usuario.<\/p><\/div><\/div>\n<\/div>\n<\/div>\n\n\n\n<div class=\"wp-block-uagb-container uagb-block-d32adfc4\">\n<div class=\"wp-block-uagb-container uagb-block-aa214565\">\n<div class=\"wp-block-uagb-info-box uagb-block-3ab8045f uagb-infobox__content-wrap  uagb-infobox-icon-below-title uagb-infobox-image-valign-top\"><div class=\"uagb-ifb-content\"><div class=\"uagb-ifb-title-wrap\"><h3 class=\"uagb-ifb-title\"><strong><strong>App<\/strong><\/strong>s<\/h3><\/div><div class=\"uagb-ifb-image-content\"><img decoding=\"async\" src=\"https:\/\/asnegocio.com\/wp-content\/uploads\/2023\/05\/images.jpg\" alt=\"\" width=\"321\" height=\"157\" loading=\"lazy\"\/><\/div><p class=\"uagb-ifb-desc\">Es una herramienta digital dise\u00f1ada para tu negocio para  ser ejecutada en tel\u00e9fonos inteligentes, tablets y dem\u00e1s dispositivos m\u00f3viles de uso diario y  as\u00ed alcanzar mas mercado digitalmente.<\/p><\/div><\/div>\n<\/div>\n\n\n\n<div class=\"wp-block-uagb-container uagb-block-d051e8bc\">\n<div class=\"inherit-container-width wp-block-group is-layout-constrained\">\n<div class=\"wp-block-uagb-info-box uagb-block-a2a05db0 uagb-infobox__content-wrap  uagb-infobox-icon-below-title uagb-infobox-image-valign-top\"><div class=\"uagb-ifb-content\"><div class=\"uagb-ifb-title-wrap\"><h3 class=\"uagb-ifb-title\"><strong><strong><strong>Punto de Venta\u200b<\/strong>\u200b<\/strong><\/strong><\/h3><\/div><div class=\"uagb-ifb-image-content\"><img decoding=\"async\" src=\"https:\/\/asnegocio.com\/wp-content\/uploads\/2023\/05\/D_NQ_NP_930391-MLM51250302382_082022-W.jpg\" alt=\"\" width=\"321\" height=\"325\" loading=\"lazy\"\/><\/div><p class=\"uagb-ifb-desc\"><br>Contar con sistema de punto de venta&nbsp;<strong>permite que tu negocio se enfoque en generar ganancias, te ahorra tiempo a ti y a tus clientes, y mejora tu relaci\u00f3n con estos \u00faltimos<\/strong>. <br>Es decir, contar con esta herramienta puede marcar la diferencia entre ganar o perder grandes sumas de dinero.<\/p><\/div><\/div>\n<\/div>\n<\/div>\n\n\n\n<div class=\"wp-block-uagb-container uagb-block-3e896e3a\">\n<div class=\"wp-block-uagb-info-box uagb-block-a98168a7 uagb-infobox__content-wrap  uagb-infobox-icon-below-title uagb-infobox-image-valign-top\"><div class=\"uagb-ifb-content\"><div class=\"uagb-ifb-title-wrap\"><h3 class=\"uagb-ifb-title\">Inversiones y Seguros\u200b\u200b<\/h3><\/div><div class=\"uagb-ifb-image-content\"><img decoding=\"async\" src=\"https:\/\/asnegocio.com\/wp-content\/uploads\/2023\/05\/descarga.jpg\" alt=\"\" width=\"328\" height=\"179\" loading=\"lazy\"\/><\/div><p class=\"uagb-ifb-desc\">Lo mas seguro es que un seguro de inversi\u00f3n no te haga millonario, pero evitara que te hagas pobre en caso de una cat\u00e1strofe financiera.<br><br>La funci\u00f3n de estos instrumentos es dar rendimientos poco glamouroso, mientras protegen tu capital contra riesgos propios de tu negocio y de la vida cotidiana.<\/p><\/div><\/div>\n<\/div>\n<\/div>\n<\/div><\/div>\n\n\n\n<div class=\"wp-block-uagb-container uagb-block-daddbce1 alignfull uagb-is-root-container\"><div class=\"uagb-container-inner-blocks-wrap\">\n<div class=\"wp-block-uagb-container uagb-block-8824f0c5\">\n<div class=\"wp-block-uagb-container uagb-block-32d4bf4d\">\n<div class=\"wp-block-uagb-advanced-heading uagb-block-785a786b\"><h3 class=\"uagb-heading-text\">Quieres Iniciar un Proyecto con Nosotros?\u200b<\/h3><\/div>\n<\/div>\n\n\n\n<div class=\"wp-block-uagb-container uagb-block-ccaaf881\">\n<div class=\"wp-block-uagb-buttons uagb-buttons__outer-wrap uagb-btn__default-btn uagb-btn-tablet__default-btn uagb-btn-mobile__default-btn uagb-block-59819f07\"><div class=\"uagb-buttons__wrap uagb-buttons-layout-wrap\">\n<div class=\"wp-block-uagb-buttons-child uagb-buttons__outer-wrap uagb-block-8d2cab15 wp-block-button\"><div class=\"uagb-button__wrapper\"><a class=\"uagb-buttons-repeater wp-block-button__link has-background has-text-color\" href=\"#\" onclick=\"return false;\" rel=\"follow noopener\" target=\"_self\"><div class=\"uagb-button__link\">56 4995 0262<\/div><\/a><\/div><\/div>\n<\/div><\/div>\n<\/div>\n<\/div>\n<\/div><\/div>\n","protected":false},"excerpt":{"rendered":"","protected":false},"author":1,"featured_media":0,"parent":0,"menu_order":0,"comment_status":"closed","ping_status":"closed","template":"","meta":{"_uag_custom_page_level_css":"","site-sidebar-layout":"no-sidebar","site-content-layout":"boxed-container","ast-global-header-display":"","ast-main-header-display":"","ast-hfb-above-header-display":"","ast-hfb-below-header-display":"","ast-hfb-mobile-header-display":"","site-post-title":"disabled","ast-breadcrumbs-content":"","ast-featured-img":"disabled","footer-sml-layout":"","theme-transparent-header-meta":"enabled","adv-header-id-meta":"","stick-header-meta":"","header-above-stick-meta":"","header-main-stick-meta":"","header-below-stick-meta":""},"yoast_head":"<!-- This site is optimized with the Yoast SEO plugin v20.8 - https:\/\/yoast.com\/wordpress\/plugins\/seo\/ -->\n<title>As Negocio<\/title>\n<meta name=\"description\" content=\"As Negocio: Tu As bajo la manga en los negocios. Contamos con todas las herramientas que tu emprea necesita.\" \/>\n<meta name=\"robots\" content=\"index, follow, max-snippet:-1, max-image-preview:large, max-video-preview:-1\" \/>\n<link rel=\"canonical\" href=\"https:\/\/asnegocio.com\/\" \/>\n<meta property=\"og:locale\" content=\"en_US\" \/>\n<meta property=\"og:type\" content=\"article\" \/>\n<meta property=\"og:title\" content=\"As Negocio\" \/>\n<meta property=\"og:description\" content=\"As Negocio: Tu As bajo la manga en los negocios. Contamos con todas las herramientas que tu emprea necesita.\" \/>\n<meta property=\"og:url\" content=\"https:\/\/asnegocio.com\/\" \/>\n<meta property=\"og:site_name\" content=\"As Negocio\" \/>\n<meta property=\"article:publisher\" content=\"https:\/\/facebook.com\/asnegociomx\" \/>\n<meta property=\"article:modified_time\" content=\"2023-05-25T19:37:39+00:00\" \/>\n<meta property=\"og:image\" content=\"https:\/\/asnegocio.com\/wp-content\/uploads\/2023\/05\/vchf.jpeg\" \/>\n<meta name=\"twitter:card\" content=\"summary_large_image\" \/>\n<meta name=\"twitter:label1\" content=\"Est. reading time\" \/>\n\t<meta name=\"twitter:data1\" content=\"3 minutes\" \/>\n<script type=\"application\/ld+json\" class=\"yoast-schema-graph\">{\"@context\":\"https:\/\/schema.org\",\"@graph\":[{\"@type\":\"WebPage\",\"@id\":\"https:\/\/asnegocio.com\/\",\"url\":\"https:\/\/asnegocio.com\/\",\"name\":\"As Negocio\",\"isPartOf\":{\"@id\":\"https:\/\/asnegocio.com\/#website\"},\"datePublished\":\"2022-03-04T03:42:59+00:00\",\"dateModified\":\"2023-05-25T19:37:39+00:00\",\"description\":\"As Negocio: Tu As bajo la manga en los negocios. Contamos con todas las herramientas que tu emprea necesita.\",\"breadcrumb\":{\"@id\":\"https:\/\/asnegocio.com\/#breadcrumb\"},\"inLanguage\":\"en-US\",\"potentialAction\":[{\"@type\":\"ReadAction\",\"target\":[\"https:\/\/asnegocio.com\/\"]}]},{\"@type\":\"BreadcrumbList\",\"@id\":\"https:\/\/asnegocio.com\/#breadcrumb\",\"itemListElement\":[{\"@type\":\"ListItem\",\"position\":1,\"name\":\"Portada\",\"item\":\"https:\/\/asnegocio.com\/\"},{\"@type\":\"ListItem\",\"position\":2,\"name\":\"Home\"}]},{\"@type\":\"WebSite\",\"@id\":\"https:\/\/asnegocio.com\/#website\",\"url\":\"https:\/\/asnegocio.com\/\",\"name\":\"As Negocio\",\"description\":\"\",\"publisher\":{\"@id\":\"https:\/\/asnegocio.com\/#organization\"},\"potentialAction\":[{\"@type\":\"SearchAction\",\"target\":{\"@type\":\"EntryPoint\",\"urlTemplate\":\"https:\/\/asnegocio.com\/?s={search_term_string}\"},\"query-input\":\"required name=search_term_string\"}],\"inLanguage\":\"en-US\"},{\"@type\":\"Organization\",\"@id\":\"https:\/\/asnegocio.com\/#organization\",\"name\":\"As Negocio\",\"url\":\"https:\/\/asnegocio.com\/\",\"logo\":{\"@type\":\"ImageObject\",\"inLanguage\":\"en-US\",\"@id\":\"https:\/\/asnegocio.com\/#\/schema\/logo\/image\/\",\"url\":\"https:\/\/asnegocio.com\/wp-content\/uploads\/2023\/05\/logoWP.png\",\"contentUrl\":\"https:\/\/asnegocio.com\/wp-content\/uploads\/2023\/05\/logoWP.png\",\"width\":184,\"height\":61,\"caption\":\"As Negocio\"},\"image\":{\"@id\":\"https:\/\/asnegocio.com\/#\/schema\/logo\/image\/\"},\"sameAs\":[\"https:\/\/facebook.com\/asnegociomx\"]}]}<\/script>\n<!-- \/ Yoast SEO plugin. -->","yoast_head_json":{"title":"As Negocio","description":"As Negocio: Tu As bajo la manga en los negocios. Contamos con todas las herramientas que tu emprea necesita.","robots":{"index":"index","follow":"follow","max-snippet":"max-snippet:-1","max-image-preview":"max-image-preview:large","max-video-preview":"max-video-preview:-1"},"canonical":"https:\/\/asnegocio.com\/","og_locale":"en_US","og_type":"article","og_title":"As Negocio","og_description":"As Negocio: Tu As bajo la manga en los negocios. Contamos con todas las herramientas que tu emprea necesita.","og_url":"https:\/\/asnegocio.com\/","og_site_name":"As Negocio","article_publisher":"https:\/\/facebook.com\/asnegociomx","article_modified_time":"2023-05-25T19:37:39+00:00","og_image":[{"url":"https:\/\/asnegocio.com\/wp-content\/uploads\/2023\/05\/vchf.jpeg"}],"twitter_card":"summary_large_image","twitter_misc":{"Est. reading time":"3 minutes"},"schema":{"@context":"https:\/\/schema.org","@graph":[{"@type":"WebPage","@id":"https:\/\/asnegocio.com\/","url":"https:\/\/asnegocio.com\/","name":"As Negocio","isPartOf":{"@id":"https:\/\/asnegocio.com\/#website"},"datePublished":"2022-03-04T03:42:59+00:00","dateModified":"2023-05-25T19:37:39+00:00","description":"As Negocio: Tu As bajo la manga en los negocios. Contamos con todas las herramientas que tu emprea necesita.","breadcrumb":{"@id":"https:\/\/asnegocio.com\/#breadcrumb"},"inLanguage":"en-US","potentialAction":[{"@type":"ReadAction","target":["https:\/\/asnegocio.com\/"]}]},{"@type":"BreadcrumbList","@id":"https:\/\/asnegocio.com\/#breadcrumb","itemListElement":[{"@type":"ListItem","position":1,"name":"Portada","item":"https:\/\/asnegocio.com\/"},{"@type":"ListItem","position":2,"name":"Home"}]},{"@type":"WebSite","@id":"https:\/\/asnegocio.com\/#website","url":"https:\/\/asnegocio.com\/","name":"As Negocio","description":"","publisher":{"@id":"https:\/\/asnegocio.com\/#organization"},"potentialAction":[{"@type":"SearchAction","target":{"@type":"EntryPoint","urlTemplate":"https:\/\/asnegocio.com\/?s={search_term_string}"},"query-input":"required name=search_term_string"}],"inLanguage":"en-US"},{"@type":"Organization","@id":"https:\/\/asnegocio.com\/#organization","name":"As Negocio","url":"https:\/\/asnegocio.com\/","logo":{"@type":"ImageObject","inLanguage":"en-US","@id":"https:\/\/asnegocio.com\/#\/schema\/logo\/image\/","url":"https:\/\/asnegocio.com\/wp-content\/uploads\/2023\/05\/logoWP.png","contentUrl":"https:\/\/asnegocio.com\/wp-content\/uploads\/2023\/05\/logoWP.png","width":184,"height":61,"caption":"As Negocio"},"image":{"@id":"https:\/\/asnegocio.com\/#\/schema\/logo\/image\/"},"sameAs":["https:\/\/facebook.com\/asnegociomx"]}]}},"uagb_featured_image_src":{"full":false,"thumbnail":false,"medium":false,"medium_large":false,"large":false,"1536x1536":false,"2048x2048":false},"uagb_author_info":{"display_name":"ralcaraz.smnyl","author_link":"https:\/\/asnegocio.com\/index.php\/author\/ralcaraz-smnyl\/"},"uagb_comment_info":0,"uagb_excerpt":null,"_links":{"self":[{"href":"https:\/\/asnegocio.com\/index.php\/wp-json\/wp\/v2\/pages\/1488"}],"collection":[{"href":"https:\/\/asnegocio.com\/index.php\/wp-json\/wp\/v2\/pages"}],"about":[{"href":"https:\/\/asnegocio.com\/index.php\/wp-json\/wp\/v2\/types\/page"}],"author":[{"embeddable":true,"href":"https:\/\/asnegocio.com\/index.php\/wp-json\/wp\/v2\/users\/1"}],"replies":[{"embeddable":true,"href":"https:\/\/asnegocio.com\/index.php\/wp-json\/wp\/v2\/comments?post=1488"}],"version-history":[{"count":40,"href":"https:\/\/asnegocio.com\/index.php\/wp-json\/wp\/v2\/pages\/1488\/revisions"}],"predecessor-version":[{"id":2495,"href":"https:\/\/asnegocio.com\/index.php\/wp-json\/wp\/v2\/pages\/1488\/revisions\/2495"}],"wp:attachment":[{"href":"https:\/\/asnegocio.com\/index.php\/wp-json\/wp\/v2\/media?parent=1488"}],"curies":[{"name":"wp","href":"https:\/\/api.w.org\/{rel}","templated":true}]}}